{"id":5456,"date":"2024-05-15T16:24:48","date_gmt":"2024-05-15T16:24:48","guid":{"rendered":"https:\/\/www.omp.cv\/industria-servicos\/?page_id=5456"},"modified":"2024-05-15T16:27:21","modified_gmt":"2024-05-15T16:27:21","slug":"agencia-bcn","status":"publish","type":"page","link":"https:\/\/omp.cv\/industria-servicos\/agencia-bcn\/","title":{"rendered":"Ag\u00eancia BCN"},"content":{"rendered":"\t\t<div data-elementor-type=\"wp-post\" data-elementor-id=\"5456\" class=\"elementor elementor-5456\">\n\t\t\t\t\t\t<section class=\"elementor-section elementor-top-section elementor-element elementor-element-c21084f elementor-section-content-middle elementor-section-boxed elementor-section-height-default elementor-section-height-default\" data-id=\"c21084f\" data-element_type=\"section\" data-settings=\"{&quot;background_background&quot;:&quot;classic&quot;}\">\n\t\t\t\t\t\t\t<div class=\"elementor-background-overlay\"><\/div>\n\t\t\t\t\t\t\t<div class=\"elementor-container elementor-column-gap-no\">\n\t\t\t\t\t<div class=\"elementor-column elementor-col-100 elementor-top-column elementor-element elementor-element-49d8b19\" data-id=\"49d8b19\" data-element_type=\"column\">\n\t\t\t<div class=\"elementor-widget-wrap elementor-element-populated\">\n\t\t\t\t\t\t<div class=\"elementor-element elementor-element-0f71724 elementor-widget elementor-widget-heading\" data-id=\"0f71724\" data-element_type=\"widget\" data-widget_type=\"heading.default\">\n\t\t\t\t<div class=\"elementor-widget-container\">\n\t\t\t\t\t<h1 class=\"elementor-heading-title elementor-size-default\">Obras Recentes<\/h1>\t\t\t\t<\/div>\n\t\t\t\t<\/div>\n\t\t\t\t\t<\/div>\n\t\t<\/div>\n\t\t\t\t\t<\/div>\n\t\t<\/section>\n\t\t\t\t<section class=\"elementor-section elementor-top-section elementor-element elementor-element-a5fa6b4 elementor-section-full_width elementor-section-height-default elementor-section-height-default\" data-id=\"a5fa6b4\" data-element_type=\"section\">\n\t\t\t\t\t\t<div class=\"elementor-container elementor-column-gap-default\">\n\t\t\t\t\t<div class=\"elementor-column elementor-col-100 elementor-top-column elementor-element elementor-element-1b6e144\" data-id=\"1b6e144\" data-element_type=\"column\" data-settings=\"{&quot;background_background&quot;:&quot;classic&quot;}\">\n\t\t\t<div class=\"elementor-widget-wrap elementor-element-populated\">\n\t\t\t\t\t\t<section class=\"elementor-section elementor-inner-section elementor-element elementor-element-d863673 elementor-section-full_width elementor-section-content-middle elementor-section-height-default elementor-section-height-default\" data-id=\"d863673\" data-element_type=\"section\" data-settings=\"{&quot;background_background&quot;:&quot;classic&quot;}\">\n\t\t\t\t\t\t\t<div class=\"elementor-background-overlay\"><\/div>\n\t\t\t\t\t\t\t<div class=\"elementor-container elementor-column-gap-no\">\n\t\t\t\t\t<div class=\"elementor-column elementor-col-100 elementor-inner-column elementor-element elementor-element-a93dd59\" data-id=\"a93dd59\" data-element_type=\"column\" data-settings=\"{&quot;background_background&quot;:&quot;classic&quot;}\">\n\t\t\t<div class=\"elementor-widget-wrap elementor-element-populated\">\n\t\t\t\t\t<div class=\"elementor-background-overlay\"><\/div>\n\t\t\t\t\t\t<div class=\"elementor-element elementor-element-d98f004 elementor-widget elementor-widget-heading\" data-id=\"d98f004\" data-element_type=\"widget\" data-widget_type=\"heading.default\">\n\t\t\t\t<div class=\"elementor-widget-container\">\n\t\t\t\t\t<h2 class=\"elementor-heading-title elementor-size-default\">Ag\u00eancia BCN<\/h2>\t\t\t\t<\/div>\n\t\t\t\t<\/div>\n\t\t\t\t<div class=\"elementor-element elementor-element-809bb8c elementor-widget elementor-widget-heading\" data-id=\"809bb8c\" data-element_type=\"widget\" data-widget_type=\"heading.default\">\n\t\t\t\t<div class=\"elementor-widget-container\">\n\t\t\t\t\t<h4 class=\"elementor-heading-title elementor-size-default\">Pont d\u00b4\u00c1gua, S\u00e3o Vicente<\/h4>\t\t\t\t<\/div>\n\t\t\t\t<\/div>\n\t\t\t\t<div class=\"elementor-element elementor-element-a7a54f9 elementor-widget-divider--view-line elementor-widget elementor-widget-divider\" data-id=\"a7a54f9\" data-element_type=\"widget\" data-widget_type=\"divider.default\">\n\t\t\t\t<div class=\"elementor-widget-container\">\n\t\t\t\t\t\t\t<div class=\"elementor-divider\">\n\t\t\t<span class=\"elementor-divider-separator\">\n\t\t\t\t\t\t<\/span>\n\t\t<\/div>\n\t\t\t\t\t\t<\/div>\n\t\t\t\t<\/div>\n\t\t\t\t<div class=\"elementor-element elementor-element-a0e6637 elementor-widget elementor-widget-text-editor\" data-id=\"a0e6637\" data-element_type=\"widget\" data-widget_type=\"text-editor.default\">\n\t\t\t\t<div class=\"elementor-widget-container\">\n\t\t\t\t\t\t\t\t\t<p><strong>Apresentamos com orgulho a remodela\u00e7\u00e3o da ag\u00eancia do Banco BCN na Ponte d&#8217;\u00c1gua! A OMP teve a honra de fornecer os balc\u00f5es, arm\u00e1rios e portas para este projeto inspirador. Queremos expressar nossa sincera gratid\u00e3o \u00e0 CFS por sua valiosa contribui\u00e7\u00e3o neste projeto.\u00a0 Juntos, criamos um ambiente moderno e funcional que reflete o compromisso com a qualidade e a inova\u00e7\u00e3o.\u00a0<\/strong><\/p>\t\t\t\t\t\t\t\t<\/div>\n\t\t\t\t<\/div>\n\t\t\t\t\t<\/div>\n\t\t<\/div>\n\t\t\t\t\t<\/div>\n\t\t<\/section>\n\t\t\t\t<div class=\"elementor-element elementor-element-ed0e8b6 elementor-arrows-position-inside elementor-pagination-position-outside elementor-widget elementor-widget-image-carousel\" data-id=\"ed0e8b6\" data-element_type=\"widget\" data-settings=\"{&quot;slides_to_show&quot;:&quot;3&quot;,&quot;navigation&quot;:&quot;both&quot;,&quot;autoplay&quot;:&quot;yes&quot;,&quot;pause_on_hover&quot;:&quot;yes&quot;,&quot;pause_on_interaction&quot;:&quot;yes&quot;,&quot;autoplay_speed&quot;:5000,&quot;infinite&quot;:&quot;yes&quot;,&quot;speed&quot;:500}\" data-widget_type=\"image-carousel.default\">\n\t\t\t\t<div class=\"elementor-widget-container\">\n\t\t\t\t\t\t\t<div class=\"elementor-image-carousel-wrapper swiper\" role=\"region\" aria-roledescription=\"carousel\" aria-label=\"Carrossel de imagens\" dir=\"ltr\">\n\t\t\t<div class=\"elementor-image-carousel swiper-wrapper\" aria-live=\"off\">\n\t\t\t\t\t\t\t\t<div class=\"swiper-slide\" role=\"group\" aria-roledescription=\"slide\" aria-label=\"1 of 5\"><a data-elementor-open-lightbox=\"yes\" data-elementor-lightbox-slideshow=\"ed0e8b6\" data-elementor-lightbox-title=\"AGENCIA BCN SAO VICENTE OMP MADEIRA OBRAS MOBILIARIO (5)\" data-e-action-hash=\"#elementor-action%3Aaction%3Dlightbox%26settings%3DeyJpZCI6NTQ2MSwidXJsIjoiaHR0cHM6XC9cL29tcC5jdlwvaW5kdXN0cmlhLXNlcnZpY29zXC93cC1jb250ZW50XC91cGxvYWRzXC8yMDI0XC8wNVwvQUdFTkNJQS1CQ04tU0FPLVZJQ0VOVEUtT01QLU1BREVJUkEtT0JSQVMtTU9CSUxJQVJJTy01LmpwZyIsInNsaWRlc2hvdyI6ImVkMGU4YjYifQ%3D%3D\" href=\"https:\/\/omp.cv\/industria-servicos\/wp-content\/uploads\/2024\/05\/AGENCIA-BCN-SAO-VICENTE-OMP-MADEIRA-OBRAS-MOBILIARIO-5.jpg\"><figure class=\"swiper-slide-inner\"><img decoding=\"async\" class=\"swiper-slide-image\" src=\"https:\/\/omp.cv\/industria-servicos\/wp-content\/uploads\/2024\/05\/AGENCIA-BCN-SAO-VICENTE-OMP-MADEIRA-OBRAS-MOBILIARIO-5.jpg\" alt=\"AGENCIA BCN SAO VICENTE OMP MADEIRA OBRAS MOBILIARIO (5)\" \/><\/figure><\/a><\/div><div class=\"swiper-slide\" role=\"group\" aria-roledescription=\"slide\" aria-label=\"2 of 5\"><a data-elementor-open-lightbox=\"yes\" data-elementor-lightbox-slideshow=\"ed0e8b6\" data-elementor-lightbox-title=\"AGENCIA BCN SAO VICENTE OMP MADEIRA OBRAS MOBILIARIO (6)\" data-e-action-hash=\"#elementor-action%3Aaction%3Dlightbox%26settings%3DeyJpZCI6NTQ2MiwidXJsIjoiaHR0cHM6XC9cL29tcC5jdlwvaW5kdXN0cmlhLXNlcnZpY29zXC93cC1jb250ZW50XC91cGxvYWRzXC8yMDI0XC8wNVwvQUdFTkNJQS1CQ04tU0FPLVZJQ0VOVEUtT01QLU1BREVJUkEtT0JSQVMtTU9CSUxJQVJJTy02LmpwZyIsInNsaWRlc2hvdyI6ImVkMGU4YjYifQ%3D%3D\" href=\"https:\/\/omp.cv\/industria-servicos\/wp-content\/uploads\/2024\/05\/AGENCIA-BCN-SAO-VICENTE-OMP-MADEIRA-OBRAS-MOBILIARIO-6.jpg\"><figure class=\"swiper-slide-inner\"><img decoding=\"async\" class=\"swiper-slide-image\" src=\"https:\/\/omp.cv\/industria-servicos\/wp-content\/uploads\/2024\/05\/AGENCIA-BCN-SAO-VICENTE-OMP-MADEIRA-OBRAS-MOBILIARIO-6.jpg\" alt=\"AGENCIA BCN SAO VICENTE OMP MADEIRA OBRAS MOBILIARIO (6)\" \/><\/figure><\/a><\/div><div class=\"swiper-slide\" role=\"group\" aria-roledescription=\"slide\" aria-label=\"3 of 5\"><a data-elementor-open-lightbox=\"yes\" data-elementor-lightbox-slideshow=\"ed0e8b6\" data-elementor-lightbox-title=\"AGENCIA BCN SAO VICENTE OMP MADEIRA OBRAS MOBILIARIO (3)\" data-e-action-hash=\"#elementor-action%3Aaction%3Dlightbox%26settings%3DeyJpZCI6NTQ2MCwidXJsIjoiaHR0cHM6XC9cL29tcC5jdlwvaW5kdXN0cmlhLXNlcnZpY29zXC93cC1jb250ZW50XC91cGxvYWRzXC8yMDI0XC8wNVwvQUdFTkNJQS1CQ04tU0FPLVZJQ0VOVEUtT01QLU1BREVJUkEtT0JSQVMtTU9CSUxJQVJJTy0zLmpwZyIsInNsaWRlc2hvdyI6ImVkMGU4YjYifQ%3D%3D\" href=\"https:\/\/omp.cv\/industria-servicos\/wp-content\/uploads\/2024\/05\/AGENCIA-BCN-SAO-VICENTE-OMP-MADEIRA-OBRAS-MOBILIARIO-3.jpg\"><figure class=\"swiper-slide-inner\"><img decoding=\"async\" class=\"swiper-slide-image\" src=\"https:\/\/omp.cv\/industria-servicos\/wp-content\/uploads\/2024\/05\/AGENCIA-BCN-SAO-VICENTE-OMP-MADEIRA-OBRAS-MOBILIARIO-3.jpg\" alt=\"AGENCIA BCN SAO VICENTE OMP MADEIRA OBRAS MOBILIARIO (3)\" \/><\/figure><\/a><\/div><div class=\"swiper-slide\" role=\"group\" aria-roledescription=\"slide\" aria-label=\"4 of 5\"><a data-elementor-open-lightbox=\"yes\" data-elementor-lightbox-slideshow=\"ed0e8b6\" data-elementor-lightbox-title=\"AGENCIA BCN SAO VICENTE OMP MADEIRA OBRAS MOBILIARIO (2)\" data-e-action-hash=\"#elementor-action%3Aaction%3Dlightbox%26settings%3DeyJpZCI6NTQ1OSwidXJsIjoiaHR0cHM6XC9cL29tcC5jdlwvaW5kdXN0cmlhLXNlcnZpY29zXC93cC1jb250ZW50XC91cGxvYWRzXC8yMDI0XC8wNVwvQUdFTkNJQS1CQ04tU0FPLVZJQ0VOVEUtT01QLU1BREVJUkEtT0JSQVMtTU9CSUxJQVJJTy0yLmpwZyIsInNsaWRlc2hvdyI6ImVkMGU4YjYifQ%3D%3D\" href=\"https:\/\/omp.cv\/industria-servicos\/wp-content\/uploads\/2024\/05\/AGENCIA-BCN-SAO-VICENTE-OMP-MADEIRA-OBRAS-MOBILIARIO-2.jpg\"><figure class=\"swiper-slide-inner\"><img decoding=\"async\" class=\"swiper-slide-image\" src=\"https:\/\/omp.cv\/industria-servicos\/wp-content\/uploads\/2024\/05\/AGENCIA-BCN-SAO-VICENTE-OMP-MADEIRA-OBRAS-MOBILIARIO-2.jpg\" alt=\"AGENCIA BCN SAO VICENTE OMP MADEIRA OBRAS MOBILIARIO (2)\" \/><\/figure><\/a><\/div><div class=\"swiper-slide\" role=\"group\" aria-roledescription=\"slide\" aria-label=\"5 of 5\"><a data-elementor-open-lightbox=\"yes\" data-elementor-lightbox-slideshow=\"ed0e8b6\" data-elementor-lightbox-title=\"AGENCIA BCN SAO VICENTE OMP MADEIRA OBRAS MOBILIARIO (1)\" data-e-action-hash=\"#elementor-action%3Aaction%3Dlightbox%26settings%3DeyJpZCI6NTQ1OCwidXJsIjoiaHR0cHM6XC9cL29tcC5jdlwvaW5kdXN0cmlhLXNlcnZpY29zXC93cC1jb250ZW50XC91cGxvYWRzXC8yMDI0XC8wNVwvQUdFTkNJQS1CQ04tU0FPLVZJQ0VOVEUtT01QLU1BREVJUkEtT0JSQVMtTU9CSUxJQVJJTy0xLmpwZyIsInNsaWRlc2hvdyI6ImVkMGU4YjYifQ%3D%3D\" href=\"https:\/\/omp.cv\/industria-servicos\/wp-content\/uploads\/2024\/05\/AGENCIA-BCN-SAO-VICENTE-OMP-MADEIRA-OBRAS-MOBILIARIO-1.jpg\"><figure class=\"swiper-slide-inner\"><img decoding=\"async\" class=\"swiper-slide-image\" src=\"https:\/\/omp.cv\/industria-servicos\/wp-content\/uploads\/2024\/05\/AGENCIA-BCN-SAO-VICENTE-OMP-MADEIRA-OBRAS-MOBILIARIO-1.jpg\" alt=\"AGENCIA BCN SAO VICENTE OMP MADEIRA OBRAS MOBILIARIO (1)\" \/><\/figure><\/a><\/div>\t\t\t<\/div>\n\t\t\t\t\t\t\t\t\t\t\t\t<div class=\"elementor-swiper-button elementor-swiper-button-prev\" role=\"button\" tabindex=\"0\">\n\t\t\t\t\t\t<i aria-hidden=\"true\" class=\"eicon-chevron-left\"><\/i>\t\t\t\t\t<\/div>\n\t\t\t\t\t<div class=\"elementor-swiper-button elementor-swiper-button-next\" role=\"button\" tabindex=\"0\">\n\t\t\t\t\t\t<i aria-hidden=\"true\" class=\"eicon-chevron-right\"><\/i>\t\t\t\t\t<\/div>\n\t\t\t\t\n\t\t\t\t\t\t\t\t\t<div class=\"swiper-pagination\"><\/div>\n\t\t\t\t\t\t\t\t\t<\/div>\n\t\t\t\t\t\t<\/div>\n\t\t\t\t<\/div>\n\t\t\t\t<div class=\"elementor-element elementor-element-7459fac elementor-widget elementor-widget-spacer\" data-id=\"7459fac\" data-element_type=\"widget\" data-widget_type=\"spacer.default\">\n\t\t\t\t<div class=\"elementor-widget-container\">\n\t\t\t\t\t\t\t<div class=\"elementor-spacer\">\n\t\t\t<div class=\"elementor-spacer-inner\"><\/div>\n\t\t<\/div>\n\t\t\t\t\t\t<\/div>\n\t\t\t\t<\/div>\n\t\t\t\t\t<\/div>\n\t\t<\/div>\n\t\t\t\t\t<\/div>\n\t\t<\/section>\n\t\t\t\t<section class=\"elementor-section elementor-top-section elementor-element elementor-element-80949b7 elementor-section-boxed elementor-section-height-default elementor-section-height-default\" data-id=\"80949b7\" data-element_type=\"section\" data-settings=\"{&quot;background_background&quot;:&quot;classic&quot;}\">\n\t\t\t\t\t\t<div class=\"elementor-container elementor-column-gap-default\">\n\t\t\t\t\t<div class=\"elementor-column elementor-col-100 elementor-top-column elementor-element elementor-element-87f314b\" data-id=\"87f314b\" data-element_type=\"column\">\n\t\t\t<div class=\"elementor-widget-wrap elementor-element-populated\">\n\t\t\t\t\t\t<div class=\"elementor-element elementor-element-b5d3963 elementor-widget elementor-widget-spacer\" data-id=\"b5d3963\" data-element_type=\"widget\" data-widget_type=\"spacer.default\">\n\t\t\t\t<div class=\"elementor-widget-container\">\n\t\t\t\t\t\t\t<div class=\"elementor-spacer\">\n\t\t\t<div class=\"elementor-spacer-inner\"><\/div>\n\t\t<\/div>\n\t\t\t\t\t\t<\/div>\n\t\t\t\t<\/div>\n\t\t\t\t<div class=\"elementor-element elementor-element-9d1f7ce elementor-widget elementor-widget-heading\" data-id=\"9d1f7ce\" data-element_type=\"widget\" data-widget_type=\"heading.default\">\n\t\t\t\t<div class=\"elementor-widget-container\">\n\t\t\t\t\t<h3 class=\"elementor-heading-title elementor-size-default\">Transforme sua casa em um ref\u00fagio de estilo e conforto.<br> Entre em contato para descobrir nosso mobili\u00e1rio personalizado <br> e or\u00e7amentos sob medida!<\/h3>\t\t\t\t<\/div>\n\t\t\t\t<\/div>\n\t\t\t\t<div class=\"elementor-element elementor-element-23eeac6 elementor-widget elementor-widget-spacer\" data-id=\"23eeac6\" data-element_type=\"widget\" data-widget_type=\"spacer.default\">\n\t\t\t\t<div class=\"elementor-widget-container\">\n\t\t\t\t\t\t\t<div class=\"elementor-spacer\">\n\t\t\t<div class=\"elementor-spacer-inner\"><\/div>\n\t\t<\/div>\n\t\t\t\t\t\t<\/div>\n\t\t\t\t<\/div>\n\t\t\t\t\t<\/div>\n\t\t<\/div>\n\t\t\t\t\t<\/div>\n\t\t<\/section>\n\t\t\t\t<section class=\"elementor-section elementor-top-section elementor-element elementor-element-9cb754e elementor-section-boxed elementor-section-height-default elementor-section-height-default\" data-id=\"9cb754e\" data-element_type=\"section\">\n\t\t\t\t\t\t<div class=\"elementor-container elementor-column-gap-default\">\n\t\t\t\t\t<div class=\"elementor-column elementor-col-100 elementor-top-column elementor-element elementor-element-25c3409\" data-id=\"25c3409\" data-element_type=\"column\">\n\t\t\t<div class=\"elementor-widget-wrap elementor-element-populated\">\n\t\t\t\t\t\t<div class=\"elementor-element elementor-element-1331c75 elementor-widget elementor-widget-spacer\" data-id=\"1331c75\" data-element_type=\"widget\" data-widget_type=\"spacer.default\">\n\t\t\t\t<div class=\"elementor-widget-container\">\n\t\t\t\t\t\t\t<div class=\"elementor-spacer\">\n\t\t\t<div class=\"elementor-spacer-inner\"><\/div>\n\t\t<\/div>\n\t\t\t\t\t\t<\/div>\n\t\t\t\t<\/div>\n\t\t\t\t<div class=\"elementor-element elementor-element-4d2a94d elementor-widget elementor-widget-spacer\" data-id=\"4d2a94d\" data-element_type=\"widget\" data-widget_type=\"spacer.default\">\n\t\t\t\t<div class=\"elementor-widget-container\">\n\t\t\t\t\t\t\t<div class=\"elementor-spacer\">\n\t\t\t<div class=\"elementor-spacer-inner\"><\/div>\n\t\t<\/div>\n\t\t\t\t\t\t<\/div>\n\t\t\t\t<\/div>\n\t\t\t\t<div class=\"elementor-element elementor-element-3416b0d elementor-widget elementor-widget-heading\" data-id=\"3416b0d\" data-element_type=\"widget\" data-widget_type=\"heading.default\">\n\t\t\t\t<div class=\"elementor-widget-container\">\n\t\t\t\t\t<h3 class=\"elementor-heading-title elementor-size-default\">ENTRE EM CONTACTO CONNOSCO\n<\/h3>\t\t\t\t<\/div>\n\t\t\t\t<\/div>\n\t\t\t\t<div class=\"elementor-element elementor-element-1488fad elementor-widget elementor-widget-heading\" data-id=\"1488fad\" data-element_type=\"widget\" data-widget_type=\"heading.default\">\n\t\t\t\t<div class=\"elementor-widget-container\">\n\t\t\t\t\t<h2 class=\"elementor-heading-title elementor-size-default\">FORMUL\u00c1RIO<\/h2>\t\t\t\t<\/div>\n\t\t\t\t<\/div>\n\t\t\t\t<div class=\"elementor-element elementor-element-03527a4 elementor-widget elementor-widget-wp-widget-wpforms-widget\" data-id=\"03527a4\" data-element_type=\"widget\" data-widget_type=\"wp-widget-wpforms-widget.default\">\n\t\t\t\t<div class=\"elementor-widget-container\">\n\t\t\t\t\t<div class=\"wpforms-container \" id=\"wpforms-19\"><form id=\"wpforms-form-19\" class=\"wpforms-validate wpforms-form\" data-formid=\"19\" method=\"post\" enctype=\"multipart\/form-data\" action=\"\/industria-servicos\/wp-json\/wp\/v2\/pages\/5456\" data-token=\"4e7ffd4dec7330f9ec904de7656143b3\" data-token-time=\"1776454043\"><noscript class=\"wpforms-error-noscript\">Please enable JavaScript in your browser to complete this form.<\/noscript><div class=\"wpforms-field-container\"><div id=\"wpforms-19-field_8-container\" class=\"wpforms-field wpforms-field-text\" data-field-id=\"8\"><label class=\"wpforms-field-label\" for=\"wpforms-19-field_8\">Nome <span class=\"wpforms-required-label\">*<\/span><\/label><input type=\"text\" id=\"wpforms-19-field_8\" class=\"wpforms-field-medium wpforms-field-required\" name=\"wpforms[fields][8]\" required><\/div><div id=\"wpforms-19-field_9-container\" class=\"wpforms-field wpforms-field-text\" data-field-id=\"9\"><label class=\"wpforms-field-label\" for=\"wpforms-19-field_9\">Telefone <span class=\"wpforms-required-label\">*<\/span><\/label><input type=\"text\" id=\"wpforms-19-field_9\" class=\"wpforms-field-medium wpforms-field-required\" name=\"wpforms[fields][9]\" required><\/div><div id=\"wpforms-19-field_10-container\" class=\"wpforms-field wpforms-field-text\" data-field-id=\"10\"><label class=\"wpforms-field-label\" for=\"wpforms-19-field_10\">E-mail <span class=\"wpforms-required-label\">*<\/span><\/label><input type=\"text\" id=\"wpforms-19-field_10\" class=\"wpforms-field-medium wpforms-field-required\" name=\"wpforms[fields][10]\" required><\/div><div id=\"wpforms-19-field_2-container\" class=\"wpforms-field wpforms-field-textarea\" data-field-id=\"2\"><label class=\"wpforms-field-label wpforms-label-hide\" for=\"wpforms-19-field_2\">Comment or Message <span class=\"wpforms-required-label\">*<\/span><\/label><textarea id=\"wpforms-19-field_2\" class=\"wpforms-field-large wpforms-field-required\" name=\"wpforms[fields][2]\" placeholder=\"Mensagem\" required><\/textarea><\/div><\/div><!-- .wpforms-field-container --><div class=\"wpforms-field wpforms-field-hp\"><label for=\"wpforms-19-field-hp\" class=\"wpforms-field-label\">Email<\/label><input type=\"text\" name=\"wpforms[hp]\" id=\"wpforms-19-field-hp\" class=\"wpforms-field-medium\"><\/div><div class=\"wpforms-submit-container\" ><input type=\"hidden\" name=\"wpforms[id]\" value=\"19\"><input type=\"hidden\" name=\"page_title\" value=\"\"><input type=\"hidden\" name=\"page_url\" value=\"https:\/\/omp.cv\/industria-servicos\/wp-json\/wp\/v2\/pages\/5456\"><input type=\"hidden\" name=\"url_referer\" value=\"\"><button type=\"submit\" name=\"wpforms[submit]\" id=\"wpforms-submit-19\" class=\"wpforms-submit\" data-alt-text=\"Enviando...\" data-submit-text=\"Enviar mensagem\" aria-live=\"assertive\" value=\"wpforms-submit\">Enviar mensagem<\/button><\/div><\/form><\/div>  <!-- .wpforms-container -->\t\t\t\t<\/div>\n\t\t\t\t<\/div>\n\t\t\t\t\t<\/div>\n\t\t<\/div>\n\t\t\t\t\t<\/div>\n\t\t<\/section>\n\t\t\t\t<\/div>\n\t\t","protected":false},"excerpt":{"rendered":"<p>Obras Recentes Ag\u00eancia BCN Pont d\u00b4\u00c1gua, S\u00e3o Vicente Apresentamos com orgulho a remodela\u00e7\u00e3o da ag\u00eancia do Banco BCN na Ponte d&#8217;\u00c1gua! A OMP teve a honra de fornecer os balc\u00f5es, arm\u00e1rios e portas para este projeto inspirador. Queremos expressar nossa sincera gratid\u00e3o \u00e0 CFS por sua valiosa contribui\u00e7\u00e3o neste projeto.\u00a0 Juntos, criamos um ambiente moderno &hellip;<\/p>\n<p class=\"read-more\"> <a class=\"\" href=\"https:\/\/omp.cv\/industria-servicos\/agencia-bcn\/\"> <span class=\"screen-reader-text\">Ag\u00eancia BCN<\/span> Read More &raquo;<\/a><\/p>\n","protected":false},"author":1,"featured_media":0,"parent":0,"menu_order":0,"comment_status":"closed","ping_status":"closed","template":"","meta":{"footnotes":""},"class_list":["post-5456","page","type-page","status-publish","hentry"],"_links":{"self":[{"href":"https:\/\/omp.cv\/industria-servicos\/wp-json\/wp\/v2\/pages\/5456","targetHints":{"allow":["GET"]}}],"collection":[{"href":"https:\/\/omp.cv\/industria-servicos\/wp-json\/wp\/v2\/pages"}],"about":[{"href":"https:\/\/omp.cv\/industria-servicos\/wp-json\/wp\/v2\/types\/page"}],"author":[{"embeddable":true,"href":"https:\/\/omp.cv\/industria-servicos\/wp-json\/wp\/v2\/users\/1"}],"replies":[{"embeddable":true,"href":"https:\/\/omp.cv\/industria-servicos\/wp-json\/wp\/v2\/comments?post=5456"}],"version-history":[{"count":4,"href":"https:\/\/omp.cv\/industria-servicos\/wp-json\/wp\/v2\/pages\/5456\/revisions"}],"predecessor-version":[{"id":5465,"href":"https:\/\/omp.cv\/industria-servicos\/wp-json\/wp\/v2\/pages\/5456\/revisions\/5465"}],"wp:attachment":[{"href":"https:\/\/omp.cv\/industria-servicos\/wp-json\/wp\/v2\/media?parent=5456"}],"curies":[{"name":"wp","href":"https:\/\/api.w.org\/{rel}","templated":true}]}}